+ 2. Calculate w(h).
-10
Suppose 0 = 2*d + 4*x - 4, 12 = -2*x - x. Suppose -11 = -7*n + d. Let u(l) be the third derivative of -l**6/120 + l**5/20 + l**3/2 - 6*l**2. Give u(n).
3
Let n(j) = -j**3 - 4*j**2 + 3. Suppose 4*w + 3*x + 133 = 0, 3*x - 7*x - 167 = 5*w. Let h be (-2)/(-4)*(25 + w). Determine n(h).
-6
Let z be 10/(70/(-21)) - (3 + -8). Suppose 2*r = -2*b + 6*b - z, 0 = -2*r + b - 2. Let q(w) = 6 - 4 - 5*w**2 - 1. Calculate q(r).
-4
Suppose 130*a - 10 = 125*a. Let f(r) = 2*r**a - 11 + 6 - r**2 - 6*r. Let o = -8 - -14. Determine f(o).
-5
Let w(k) = -6 - 868*k + 429*k + 441*k. Give w(6).
6
Let h(i) = 1. Let m(p) = -19*p - 3. Let n(f) = 16*f + 3. Let d(w) = -5*m(w) - 6*n(w). Let g be (1 - 2)/((-3)/3). Let x(q) = g*d(q) - h(q). What is x(-5)?
1
Let y(m) = -m**3 + m. Let d(c) = 7*c**3 + 7*c**2 - 7*c + 7. Suppose -3*t + 13 = 3*w - 14, w = 2*t. Let h(z) = w*y(z) + d(z). What is h(-7)?
14
Let g(i) be the first derivative of i**3 + 1/12*i**4 + i**2 + 9*i - 22. Let n(c) be the first derivative of g(c). What is n(-6)?
2
Let o be 6*11/(-264)*20. Let w(k) be the first derivative of -3/2*k**2 - 1/3*k**3 - 6*k + 3. Calculate w(o).
-16
Let h = 420 - 243. Let o(s) = 1 - 178*s**2 - 3*s**3 + 8*s**3 + h*s**2. Determine o(1).
5
Let j be -13 + 10 + 123/2*2. Suppose 28*p - j = 4*p. Let y(r) = r**2 + r. Let i(h) = -h**3 + h**2 + h + 7. Let l(n) = -i(n) - 3*y(n). What is l(p)?
-2
Let m(f) = f**3 - 6*f**2 - f + 22. Let l be (15/(-12))/((-6)/24). Determine m(l).
-8
Let c(q) be the third derivative of 1/60*q**5 + 13*q + 2*q**2 + 0 + 2/3*q**3 - 1/3*q**4. What is c(5)?
-11
Let g(s) = -14*s - 13. Suppose -8*i + 5*k = -6*i - 6, 3*i + 5*k = 9. Give g(i).
-55
Let j(r) = 5*r**2 + 1. Suppose -13*z = -4*z - 36. Suppose i - 5*g = -z*i - 10, 3*i + 3 = 2*g. Give j(i).
6
Let z(v) = v**3 + v**2 - 6*v + 2. Let x(y) = 2*y**3 - 2*y**2 - y - 9. Let l(u) = x(u) - z(u). Let n be (27/45)/(1/5). Determine l(n).
4
Let i(h) = -119*h**3 + 5*h + 15. Let p be i(-2). Let a(s) = p*s - 944*s + s**2 + 3 + 0. Determine a(-9).
-33
Suppose 14*g - 2529 - 439 = 0. Let k = g + -220. Let i(u) = u**2 + 8*u + 8. Give i(k).
8
Let b(s) = 42 + 8*s - 24 - 19. Let j(f) = f**2 - 9*f + 23. Let g be j(5). Suppose -w = -4*w - g. What is b(w)?
-9
Suppose 0 = -50*o + 60*o - 1550. Let k(n) = n**2 - 7 + o*n + 152*n - 313*n. What is k(5)?
-12
Suppose 0 = -m - i, -6*i + 5*i = 4. Let v(a) = -16 + a + 12 + m. Determine v(-2).
-2
Let c(u) = u**2 - 20*u + 80. Let y = 1494 + -1488. Give c(y).
-4
Let a(q) = -q + 11 - 12 - 3. Let v be a(-3). Let n(m) be the third derivative of -11*m**4/24 - 61*m**2. What is n(v)?
11
Let d = 547 - 513. Let j(t) = 10 + 14 + t + 11 - d. Determine j(-4).
-3
Let r(x) = 9 + 50*x - 16*x**3 - 16*x**2 + 7*x**3 + 2*x**3 - 12*x + 8*x**3. Calculate r(13).
-4
Let g(p) = 1. Let n(c) = -c + 9. Let x(q) = -4*g(q) + n(q). Suppose 40*o - 180 = 20. What is x(o)?
0
Let v = -5347 - -5365. Let y(q) = q**3 - 18*q**2. Calculate y(v).
0
Suppose -o + 6 = 2*o. Let z(g) = 55*g + 174. Let s be z(-3). Let a(r) = r + r**o - 7*r + 1 + s*r. Determine a(-3).
1
Suppose -38 = -5*d - 6*o, -8 - 1 = -3*o. Let r(q) be the second derivative of 0 + 1/12*q**d - 5/6*q**3 - 20*q - q**2. Determine r(4).
-6
Let o(f) = 12*f + 115. Let c be ((-13)/(-3) + -1)/((-184)/552). What is o(c)?
-5
Let n(i) = 15*i + 79. Let r be n(-5). Let a(q) = -r + 0 - 7*q - 7 - q**2 + 9. Determine a(-6).
4
Let y be 7/2 + 12/(-8). Let l(n) = -5*n + 2. Let x(c) = -c. Let s(u) = -l(u) - 6*x(u). Give s(y).
20
Suppose -590*k + 568*k - 594 = 0. Let y(q) = -q**3 - 26*q**2 + 22*q - 40. Calculate y(k).
95
Let f(l) = -l**2 - l - 2. Suppose -4*n - 4*a + 123 = -a, -116 = -4*n + 4*a. Suppose -22*o - n = -7*o. Determine f(o).
-4
Let x = -543 - -381. Let y = x - -156. Let s(z) = z**2 + 5*z - 2. Give s(y).
4
Let w be 2/5 + (-596)/(-10). Let g(z) = 29*z**3 + z + 8*z**2 - 9*z + z - w*z**3 + 32*z**3 + 21. Give g(-9).
3
Let c = 12897 - 12894. Let u(d) be the third derivative of -1/3*d**c + 0*d + 0*d**4 + 0 + 23*d**2 + 1/60*d**5. Determine u(0).
-2
Let v(t) be the second derivative of t**3/3 - 24*t**2 + 455*t. What is v(20)?
-8
Let w(g) = g**2 + 16*g + 30. Suppose -5*h - 15 = 0, 3811 = -k + 3*h + 3808. Calculate w(k).
-18
Suppose -4*s = 37 - 33. Let f(b) = -930*b + 930*b + 13*b**2. Give f(s).
13
Let i(o) = -o**3 + 12*o**2 + 30*o - 11. Suppose -90*d + 109*d - 266 = 0. Calculate i(d).
17
Suppose -4*p + w - 75 = 64, 3*p = 2*w - 113. Let t(r) = r**2 + 40*r + 231. Calculate t(p).
0
Let n(u) = -76*u - u**2 + 133*u - 65*u + 3 + 3*u**2. Give n(6).
27
Suppose -32 = u + 4*j, -34*u - 16 = -21*u + 2*j. Let c(m) = -m**2 + 4*m. Give c(u).
0
Let y be 2/(2 + 2)*-16. Let p(q) = 5*q**2 + 2*q + 317. Let n(j) = -6*j**2 - j - 397. Let k(i) = 4*n(i) + 5*p(i). Calculate k(y).
13
Let x(p) = -p - 2. Let b(g) = -9*g - 20. Let z(n) = -b(n) + 5*x(n). Calculate z(-8).
-22
Let i(y) be the second derivative of y**4 + 70192*y. Suppose -2*l + 7*l - 5 = 0. Determine i(l).
12
Let j(u) be the first derivative of u**3/3 + 2*u**2 + 11*u + 6256. Determine j(-9).
56
Suppose 3*b - 2124 = -264. Let q be b/(-68) + 3 + (-2)/(-17). Let h(p) = -p**2 - 6*p + 8. Calculate h(q).
8
Let h be -1 + (1 - 0) + -2. Let j(p) = p + 1. Let o(f) = -5*f - 5. Let r(x) = -5*x - 5. Let d(i) = -3*o(i) + 4*r(i). Let y(a) = 4*d(a) + 18*j(a). What is y(h)?
2
Let p(u) = -u**3 - 3*u**2 + 2*u - 13. Suppose 5*h = -4*q - 41, -26*q + 25*q = h + 9. Determine p(q).
-5
Let o be 8 + 7/(6/(-6)) + 2. Let f(r) = -4 - 6*r + o*r - 5 + 4*r + 2. Give f(3).
-4
Suppose -3*x + 2 = -4*x, 3*u - 1972 = 2*x. Let n = u + -663. Let q(z) = -z**2 - 4*z + 1. Determine q(n).
-20
Let o(x) = -12*x + 32. Let f = 4932 + -4927. Give o(f).
-28
Suppose -9*o = 8*o + 1105. Let y = -60 - o. Let d(x) = -x**2 + 7*x - 7. Determine d(y).
3
Let j(o) be the first derivative of -o**4/4 + 13*o**3/3 - 6*o**2 - 12*o - 5. Let n be 7 - (-12 + 8 + -1). Give j(n).
-12
Let y(b) = b**3 - 15*b**2 + 14*b + 7. Let t = -2442 - -2456. Give y(t).
7
Let v(a) = 6*a**2 + 29 - 37 - 2 - a**3 + 9*a. Give v(7).
4
Let k(q) be the third derivative of 23*q**4/24 - 105*q**3/2 + 171*q**2 + 2. What is k(14)?
7
Suppose -2*w - 2*t = 0, -9*w = -6*w - 3*t. Let u(h) be the third derivative of h**5/60 + h**4/24 + h**3/3 - 7*h**2 - 4*h. Determine u(w).
2
Let n(f) = -12*f + 2. Let h = 11 + -10. Let w be n(h). Let x(s) = s + 11. Let l be x(w). Let o(u) = -4*u - 1. What is o(l)?
-5
Let m(s) = -s**2 + 36*s - 58. Suppose -58*i = 497 - 411 - 2058. Determine m(i).
10
Let q(s) = 70*s - 3. Let v be (-3)/(-1 - (-11)/8) - -6. Calculate q(v).
-143
Let q(y) be the third derivative of -y**6/120 - 3*y**5/20 + 7*y**4/24 - y**3 - y**2 - 2191. What is q(-10)?
24
Let o(g) = -g**3 - 2*g**2 + g. Suppose 41*h - 115 + 648 = 0. Let a be (-4)/(h/(-3) - 3). Determine o(a).
6
Let j(c) be the second derivative of -c**4/24 + c**3/3 + 45*c**2 + 59*c. Let t(a) be the first derivative of j(a). Determine t(-1).
3
Let l(q) = -q**2 + 3*q - 4. Suppose -k = 3*y - 6, 10 = 35*y - 40*y + 5*k. Give l(y).
-2
Let l(b) be the third derivative of -b**4/4 + b**3/3 + 7*b**2 - 3. Let i(o) = -7*o + 3. Let p(q) = -5*i(q) + 6*l(q). Determine p(7).
-10
Suppose -39 - 41 = 16*g. Let y(o) = -8*o**3 - 14*o**2 - 25*o + 21. Let n(b) = -13*b**3 - 21*b**2 - 38*b + 32. Let l(r) = g*n(r) + 8*y(r). Give l(8).
-8
Let t(f) = -f**2 - 10*f - 6. Let k(c) = 2*c + 54. Let s be k(-15). Suppose -1 = 5*u + 4*a + s, 3*a = -5*u - 30. Give t(u).
3
Let u(a) = -14*a**2 + 79*a + 27. Let b be u(6). Let g = -6 - -12. Let i(t) = g*t + 0*t - 3*t + 3. Calculate i(b).
-6
Let f = 3609 + -3579. Let u(o) be the third derivative of 0 - o**3 + f*o**2 + 0*o - 1/12*o**4. Give u(-5).
4
Let z(o) = o**3 + 39*o**2 - 41*o - 34. Let c be z(-40). Let w(l) = 2*l - 13. Give w(c).
-1
Let j(m) = m**2 - 9*m + 1. Let f be 4/(-10) + (-57)/(-5). Determine j(f).
23
Let x(z) = -5*z + 5. Let s(o) = -4*o + 4. Let j(w) = -6*s(w) + 5*x(w). Let a be (88/(-42) + 9/21)*42. Let p be (a/21 - -3)*-3. What is j(p)?
0
Let f(y) = 59*y + 10. Let u(z) = 37*z + 6. Let g(v) = 5*f(v) - 8*u(v). What is g(-3)?
5
Let a(y) = -102 + 2*y - 105 - 105 - 4*y + 315. What is a(0)?
3
Let w(u) = u**2 + 14*u + 22. Let y be (16/(-24))/(1/21). Calculate w(y).
22
Suppose 0 = -4*w, 2*j + 3*w = w - 26. Let f(x) = 4*x + 52. Calculate f(j).
0
Let y(f) be the second deriv